ose 3*g + 72 = 7*g. What is the remainder when 35 is divided by g?
17
Suppose 10 = 5*v - 2*j, -v + 14 = -0*v + 2*j. Calculate the remainder when v is divided by 3.
1
Let k = -1 + 16. What is the remainder when (-16)/24*(-62 - 1) is divided by k?
12
Let w(d) = d**3 - d - 3. Let m be w(0). What is the remainder when 1/m - (-31)/3 is divided by 4?
2
Let c(g) = 2*g**2 - 10*g - 8. Calculate the remainder when c(8) is divided by 21.
19
Let h(z) = z + 12. What is the remainder when 15 is divided by h(-5)?
1
Let r = 85 - 42. What is the remainder when r is divided by 11?
10
Let r = -17 - -28. Suppose f = -69 + r. Let z = -32 - f. Calculate the remainder when z is divided by 7.
5
Let t(a) = 5*a + 1. Let s be t(-1). What is the remainder when 35 is divided by (-4)/8 + (-74)/s?
17
Let r(i) = i**2 + 4*i - 4. Suppose -3*b = 2*b + 25. Let m be r(b). Calculate the remainder when 22 + -2 + 0 + m is divided by 11.
10
Calculate the remainder when 88 - -2 - -1*(1 + 1) is divided by 12.
8
Suppose -t - 53 = -5*t - 5*k, k = 4*t - 47. Let b = -7 - -9. Calculate the remainder when t is divided by 7/1 - (-2 + b).
5
Let f(k) = 3*k - 10. Let l = 3 - -2. Let j(r) = r**3 - 5*r**2 - 6*r + 9. Calculate the remainder when j(6) is divided by f(l).
4
Let d = -28 + 54. Calculate the remainder when d is divided by 7.
5
Let d = 98 + -45. What is the remainder when d is divided by 14?
11
Let k(d) = 5*d - 12. Let o be k(-9). Let h = o + 109. Suppose -x + h = 3*x. What is the remainder when 24 is divided by x?
11
Suppose 4*k = -4*w, 2 + 0 = 4*k + 5*w. Let h = k - -8. Suppose 0*p - 3*l = -p - 7, 2*p - l = h. Calculate the remainder when 14 is divided by p.
4
Let q = 120 + -169. Let u = q - -92. Calculate the remainder when u is divided by 15.
13
Let t(n) = 3*n**2 - 3*n + 2. Let i be t(3). What is the remainder when 32 is divided by 4/i + 108/10?
10
Let z = -3 + 11. Let i = -8 + z. Suppose f + 5*g = 21, i = f + g + 2 - 23. Calculate the remainder when f is divided by 12.
9
Let t = -408 + 594. Calculate the remainder when t is divided by 21.
18
Suppose 108 = -2*v + 8*v. Calculate the remainder when v is divided by 10.
8
Let i(j) = j**3 + 17*j**2 + 14*j - 2. What is the remainder when 119 is divided by i(-16)?
29
Suppose 0*d - d = -3*a - 21, -2*a = -5*d + 105. Calculate the remainder when 144 is divided by d.
18
Let r = 62 - 1. Suppose 0 = -c - 5*x + 11, 3*c + 9*x = 4*x + 43. Calculate the remainder when r is divided by c.
13
Suppose -4*j + 0*j = -16. Let o(n) = n**3 + n**2 + 1. Let a be o(0). Suppose -h + j = -a. What is the remainder when h is divided by 2?
1
Let x(t) = 3 + 2*t**2 - 2*t**3 - 3*t**2 + 5*t - 3*t**2 - 4*t. What is the remainder when x(-3) is divided by 10?
8
Let n = 1 + 3. Let k be n/14 - 210/49. Calculate the remainder when k/(-18) + 845/45 is divided by 10.
9
Let z(n) = -n + 5. Let d be z(5). Let b = 6 - d. Let x(q) = 2*q - 6. What is the remainder when b is divided by x(5)?
2
Let s = 16 + 20. Calculate the remainder when s is divided by 10.
6
What is the remainder when 24 is divided by -4 + (-1 - 2) + 21?
10
Let a(x) = -x + 6. Suppose -8 = 3*b + b. Calculate the remainder when a(-5) is divided by 38/6 - b/(-6).
5
Suppose 24 = 2*a - 2*f, -5*a = -4*f - 27 - 29. Calculate the remainder when 14 is divided by a.
6
Let u(r) = -2*r + 10 - 4 + 3*r. Let q be u(0). Suppose -2*x + q*x = 124. Calculate the remainder when x is divided by 11.
9
Let w be (24/(-36))/((-1)/288). Suppose 0 = 5*g + 18 + 2, -w = -4*l - 2*g. Calculate the remainder when l is divided by 13.
11
Suppose -2*y + 30 = 2*u, 5*y - 2*u - 81 = -4*u. Calculate the remainder when 66 is divided by y.
15
Let a(n) = 5*n**3 - n**2 - 6*n - 10. Let l(t) = 6*t**3 - 2*t**2 - 6*t - 11. Let u(i) = -5*a(i) + 4*l(i). What is the remainder when u(-5) is divided by 7?
5
Suppose w = 2*p + 5 + 5, -2*p + 4 = 0. Let v(m) = m - 4. Let b = 0 - -9. What is the remainder when w is divided by v(b)?
4
Let z be (-6)/8 + 5/(-4). Calculate the remainder when 22 is divided by 6*((z - -1) + 3).
10
Let f(q) = 20*q**3 + 2*q**2 - 2*q + 1. Suppose -4 = -7*o + 2*o - r, -5*o = -2*r - 7. What is the remainder when f(o) is divided by 11?
10
Let l(f) = f**2 - 2*f - 1. Let r be ((-192)/9)/((-4)/30). Suppose -r = -t - 3*t. What is the remainder when t is divided by l(5)?
12
Let g = 20 + -8. What is the remainder when g is divided by 7?
5
Suppose 0 = -16*x + 11*x + 550. What is the remainder when x is divided by 56?
54
Let k(v) = -v - 1. Let j be k(-1). Suppose 0*y - 2*y = j. Calculate the remainder when 32 is divided by 22/(3 - 1 - y).
10
Suppose 4 = 5*j - 21. Suppose 0 = p - 6*p - 4*h + 56, 3*p + j*h - 44 = 0. What is the remainder when 23 is divided by p?
7
Let f = -65 + 67. Calculate the remainder when 11 is divided by f.
1
Let z be ((-2)/(-4))/(4/(-144)). Calculate the remainder when 23 is divided by (-37)/(-3) - (-6)/z.
11
Suppose 5*h = -14 + 4. Calculate the remainder when 44 is divided by (-4)/h - (-39)/3.
14
Suppose 2*q - 5*q + 87 = 0. What is the remainder when q is divided by ((-4)/7)/(-3 + 305/105)?
5
Let i be 6/(-8) - (-315)/(-60). Let o = 19 + i. Calculate the remainder when 35 is divided by o.
9
Let b(s) = 11*s - 2. Let n be b(1). What is the remainder when (n/4)/(6/48) is divided by (-2 - -14 - 2)/1?
8
Let f = -1 + 3. Suppose 219 = 4*r - 3*i, -f*i = -2*r - i + 111. Calculate the remainder when r is divided by 15.
12
Suppose -4*i + 7*a = 2*a - 153, 0 = a - 3. What is the remainder when i is divided by 32/24*33/4?
9
Let y = -33 - -45. Calculate the remainder when 30 is divided by y.
6
Suppose 2*h + 3*h - 10 = 0. Suppose -5*t + 82 - 27 = 0. Suppose t = 3*i + 2. What is the remainder when i is divided by h?
1
Let p(h) = h**3 + 4*h**2 + h. Let y be p(-2). Let t(o) = o**3 - 6*o**2 + o + 2. Calculate the remainder when 29 is divided by t(y).
5
Suppose 0 = -3*h + 1 + 14. Suppose -h*u = -3*u - 54. What is the remainder when u is divided by 14?
13
Calculate the remainder when 11 is divided by -4*((-18)/(-4))/(-3).
5
Let u(w) = w**3 + w**2 - w + 11. Calculate the remainder when 43 is divided by u(0).
10
Let s(u) = -13*u. Let t be s(-3). Suppose 2*i + 2*i + 5*g = 89, 0 = 4*i - 5*g - t. What is the remainder when i is divided by 6?
4
Suppose -3*c + 215 = 5*j, 0 = 2*c - c + j - 75. What is the remainder when c is divided by 21?
17
Let v be (-1 + 2)/((-1)/(-4)). Let r(p) = 11 - v - p + 6. What is the remainder when r(9) is divided by 2?
0
Let h(j) = -4*j + 13. Calculate the remainder when h(-10) is divided by 14.
11
Suppose -4*z = -3*r + 65 + 117, 4*z = 4. Let v = -422 - -435. What is the remainder when r is divided by v?
10
Let i be 28/(-10) + 1/(-5). Let l(n) = 0*n - 2*n - 3 - 2*n + 2*n. Calculate the remainder when 8 is divided by l(i).
2
Let h = -63 - -109. What is the remainder when 181 is divided by h?
43
Suppose 0 = 4*b + 12, 0*b - 58 = -2*d + 4*b. Let j = 16 - 4. Calculate the remainder when d is divided by j.
11
Let i = 67 + 12. Suppose -17 = l - i. Calculate the remainder when l is divided by 16.
14
What is the remainder when 1/(1/(-61)*-1*1) is divided by 9?
7
Suppose -14*h - 24 = -15*h. Calculate the remainder when h is divided by 5.
4
Let q = 13 - 8. Suppose 2*s = -w + 13, 2*w + q*s = 2*s + 23. Calculate the remainder when 12 is divided by w.
5
Suppose 2*z - a - 13 = -4*a, -3*z - 9 = -5*a. Suppose 3*u = -u - 24. Let l = -4 - u. Calculate the remainder when z is divided by l.
0
Let p(u) = 3*u - 3. Let j = -6 + 14. What is the remainder when p(j) is divided by 8?
5
Let y(r) = -2*r + 7 + 6*r - 3*r. What is the remainder when y(-3) is divided by 1/((-16)/6 + 3)?
1
Let n = 63 + -30. What is the remainder when n is divided by 12?
9
Let g = 136 + -86. Calculate the remainder when g is divided by 11.
6
Let t(h) = -2*h + 1. Let m be t(2). Suppose -2*d - 3 = -l + 1, 4*l + d = 61. Calculate the remainder when l is divided by m/(-3) - -2 - -2.
4
Let a = 78 - 54. Calculate the remainder when 285 is divided by a.
21
Let r = -61 + 98. Calculate the remainder when 71 is divided by r.
34
What is the remainder when (-5532)/(-20) - 2/(-5) - -2 is divided by 35?
34
Let a(o) = -5*o - 11. What is the remainder when a(-8) is divided by 17?
12
Let r(x) = 3*x**3 + x**2 - 4*x + 4. Calculate the remainder when r(3) is divided by (5 - 19)*(-4)/2.
26
Suppose -4*p + 2